rue
Does 46 divide 7314?
True
Is 9 a factor of 123?
False
Does 41 divide 10906?
True
Is 49 a factor of 2793?
True
Is 86 a factor of 30788?
True
Does 33 divide 329?
False
Is 14 a factor of 836?
False
Is 52 a factor of 832?
True
Is 15 a factor of 4286?
False
Is 258 a multiple of 13?
False
Is 544 a multiple of 103?
False
Does 13 divide 156?
True
Does 46 divide 11270?
True
Does 7 divide 313?
False
Is 34 a factor of 1188?
False
Does 10 divide 5635?
False
Is 1014 a multiple of 57?
False
Does 202 divide 6868?
True
Is 14679 a multiple of 158?
False
Is 6 a factor of 4298?
False
Is 16 a factor of 881?
False
Is 31 a factor of 7653?
False
Does 4 divide 239?
False
Is 1456 a multiple of 56?
True
Is 1994 a multiple of 14?
False
Does 7 divide 1687?
True
Is 49 a factor of 102067?
True
Is 11 a factor of 13404?
False
Is 4816 a multiple of 172?
True
Is 21 a factor of 1281?
True
Is 4522 a multiple of 14?
True
Is 33300 a multiple of 185?
True
Is 163 a multiple of 12?
False
Is 53 a factor of 106?
True
Is 167 a factor of 35738?
True
Does 31 divide 2914?
True
Does 4 divide 1356?
True
Does 30 divide 47870?
False
Does 34 divide 13455?
False
Does 14 divide 33237?
False
Is 817 a multiple of 16?
False
Is 14 a factor of 669?
False
Does 8 divide 244?
False
Does 224 divide 14938?
False
Is 12 a multiple of 12?
True
Does 52 divide 14768?
True
Is 1305 a multiple of 72?
False
Is 66871 a multiple of 16?
False
Does 8 divide 14227?
False
Is 14 a factor of 1478?
False
Does 5 divide 8303?
False
Is 52 a factor of 2279?
False
Is 5 a factor of 2107?
False
Does 77 divide 27104?
True
Is 15 a factor of 58995?
True
Is 5112 a multiple of 23?
False
Is 421 a multiple of 9?
False
Is 4838 a multiple of 98?
False
Is 10 a factor of 180?
True
Is 34225 a multiple of 43?
False
Does 3 divide 380?
False
Is 163 a multiple of 8?
False
Is 11 a factor of 528?
True
Is 5139 a multiple of 9?
True
Does 69 divide 28899?
False
Does 37 divide 8927?
False
Is 16614 a multiple of 71?
True
Is 59 a factor of 1180?
True
Does 5 divide 9013?
False
Does 15 divide 11685?
True
Is 36 a factor of 3034?
False
Is 84 a factor of 4872?
True
Is 1395 a multiple of 42?
False
Is 87 a factor of 945?
False
Is 22 a multiple of 19?
False
Is 13 a factor of 585?
True
Is 150 a multiple of 15?
True
Is 14 a factor of 3528?
True
Is 91 a factor of 10042?
False
Is 757 a multiple of 7?
False
Is 16435 a multiple of 14?
False
Is 39093 a multiple of 199?
False
Is 8 a factor of 442?
False
Is 350 a multiple of 35?
True
Is 26 a factor of 4472?
True
Is 108 a factor of 6734?
False
Is 594 a multiple of 22?
True
Is 176 a factor of 5456?
True
Is 2869 a multiple of 15?
False
Does 26 divide 22041?
False
Does 9 divide 4208?
False
Does 13 divide 4238?
True
Is 106 a factor of 1272?
True
Does 15 divide 165?
True
Is 2884 a multiple of 65?
False
Is 24 a factor of 2077?
False
Is 4260 a multiple of 10?
True
Does 32 divide 384?
True
Is 1750 a multiple of 10?
True
Is 12 a factor of 1265?
False
Does 7 divide 49?
True
Does 21 divide 4718?
False
Is 173 a factor of 37343?
False
Is 620 a multiple of 42?
False
Is 1421 a multiple of 2?
False
Does 26 divide 780?
True
Is 119 a factor of 2380?
True
Is 197 a multiple of 7?
False
Is 75 a factor of 1272?
False
Is 209 a factor of 2727?
False
Is 96 a factor of 10441?
False
Is 39060 a multiple of 14?
True
Does 6 divide 1528?
False
Is 5480 a multiple of 5?
True
Is 98 a multiple of 14?
True
Is 111 a factor of 6874?
False
Is 452 a multiple of 16?
False
Is 75 a factor of 150?
True
Is 452 a multiple of 12?
False
Is 33 a factor of 9240?
True
Does 54 divide 3064?
False
Is 360 a factor of 95599?
False
Does 20 divide 150938?
False
Is 103128 a multiple of 24?
True
Is 10 a factor of 130?
True
Is 4 a factor of 213?
False
Is 44754 a multiple of 107?
False
Is 23760 a multiple of 54?
True
Does 90 divide 760?
False
Is 70 a factor of 2380?
True
Is 23 a factor of 24395?
False
Is 48657 a multiple of 147?
True
Does 105 divide 11655?
True
Is 3 a factor of 114?
True
Does 4 divide 54?
False
Is 14 a factor of 1166?
False
Is 14 a factor of 1012?
False
Does 35 divide 560?
True
Is 5 a factor of 8140?
True
Is 3 a factor of 102?
True
Does 3 divide 189?
True
Is 3447 a multiple of 18?
False
Does 92 divide 27692?
True
Is 20690 a multiple of 10?
True
Does 12 divide 1736?
False
Is 3528 a multiple of 3?
True
Does 11 divide 1430?
True
Does 107 divide 45154?
True
Is 6107 a multiple of 31?
True
Is 25 a factor of 300?
True
Is 6 a factor of 13968?
True
Is 11328 a multiple of 236?
True
Does 15 divide 581?
False
Is 6 a factor of 150?
True
Does 5 divide 340?
True
Is 1791 a multiple of 15?
False
Does 94 divide 21902?
True
Is 42 a factor of 24100?
False
Does 79 divide 9085?
True
Is 4 a factor of 1780?
True
Is 3 a factor of 24?
True
Is 11 a factor of 44297?
True
Is 13 a factor of 82980?
False
Is 38 a factor of 14618?
False
Is 83 a factor of 373?
False
Does 124 divide 15872?
True
Is 65 a factor of 1755?
True
Does 3 divide 16008?
True
Is 106 a factor of 15900?
True
Is 4850 a multiple of 2?
True
Does 2 divide 123?
False
Is 7 a factor of 757?
False
Does 10 divide 13450?
True
Is 449 a multiple of 6?
False
Does 35 divide 6405?
True
Is 934 a multiple of 78?
False
Is 29 a factor of 2169?
False
Is 7 a factor of 7166?
False
Is 16 a factor of 2160?
True
Does 13 divide 98501?
True
Is 113 a factor of 6441?
True
Is 1238 a multiple of 159?
False
Does 9 divide 468?
True
Does 14 divide 3850?
True
Does 9 divide 279?
True
Is 17 a factor of 1904?
True
Is 22 a factor of 424?
False
Does 13 divide 178?
False
Is 184 a multiple of 8?
True
Is 93 a multiple of 2?
False
Does 7 divide 111?
False
Is 6 a factor of 161?
False
Does 26 divide 3744?
True
Is 11835 a multiple of 21?
False
Is 10 a factor of 50?
True
Does 29 divide 1588?
False
Does 66 divide 64020?
True
Is 18 a factor of 1327?
False
Does 23 divide 12397?
True
Is 24380 a multiple of 56?
False
Is 688 a multiple of 34?
False
Is 2369 a multiple of 14?
False
Is 227 a multiple of 68?
False
Is 5036 a multiple of 15?
False
Is 380 a multiple of 20?
True
Does 28 divide 1288?
True
Is 2661 a multiple of 128?
False
Is 62880 a multiple of 16?
True
Is 6 a factor of 575?
False
Does 77 divide 7739?
False
Is 3178 a multiple of 16?
False
Is 37 a factor of 2405?
True
Does 18 divide 942?
False
Is 69 a factor of 1080?
False
Is 7359 a multiple of 33?
True
Does 134 divide 25650?
False
Is 35 a factor of 71050?
True
Is 88 a multiple of 4?
True
Does 9 divide 2514?
False
Is 2 a factor of 71?
False
Is 4720 a multiple of 35?
False
Does 18 divide 139?
False
Does 13 divide 909?
False
Is 99329 a multiple of 150?
False
Does 5 divide 4157?
False
Is 11 a factor of 18551?
False
Is 15 a factor of 13170?
True
Does 15 divide 179?
False
Is 143 a factor of 15873?
True
Does 56 divide 1568?
True
Is 81 a factor of 995?
False
Is 5709 a multiple of 17?
False
Is 123 a multiple of 6?
False
Is 725 a multiple of 15?
False
Does 15 divide 135?
True
Is 4 a factor of 9239?
False
Is 49 a factor of 1984?
False
Does 16 divide 2912?
True
Is 215 a factor of 106889?
False
Is 155 a factor of 4650?
True
Does 13 divide 39?
True
Does 187 divide 17168?
False
Does 10 divide 2258?
False
Is 70 a factor of 4480?
True
Is 21 a multiple of 6?
False
Is 135 a factor of 26730?
True
Is 79990 a multiple of 32?
False
Is 22008 a multiple of 8?
True
Does 50 divide 1602?
False
Is 13 a factor of 793?
True
Is 8 a factor of 20228?
False
Is 270 a multiple of 8?
False
Is 33480 a multiple of 20?
True
Is 57 a factor of 15333?
True
Does 15 divide 520?
False
Does 135 divide 2122?
False
Does 8 divide 2544?
True
Is 600 a multiple of 12?
True
Is 164 a multiple of 32?
False
Is 25 a factor of 703?
False
Does 46 divide 3339?
False
Is 79 a factor of 20067?
False
Is 99 a factor of 24156?
True
Does 30 divide 9226?
False
Does 32 divide 431?
False
Does 55 divide 412?
False
Is 146 a factor of 292?
True
Is 2 a factor of 149?
False
Does 51 divide 1632?
True
Is 402 a multiple of 63?
False
Is 6840 a multiple of 11?
False
Is 586 a multiple of 3?
False
Is 5468 a multiple of 4?
True
Does 188 divide 59220?
True
Is 4032 a multiple of 36?
True
Does 104 divide 28154?
False
Is 515 a multiple of 5?
True
Is 173 a factor of 61415?
True
Is 2340 a multiple of 15?
True
Is 7210 a multiple of 231?
False
Does 13 divide 2288?
True
Is 72 a factor of 5544?
True
Does 11 di